 = -85 + 117. Calculate the highest common divisor of m and i.
32
Let a(j) = j**3 + 3*j**2 + 2*j + 54. Let d be a(0). What is the highest common divisor of d and 108?
54
Let p(z) = 10*z - 15. Suppose -17 + 1 = -3*g - s, s = g. Let c be p(g). Calculate the highest common divisor of c and 25.
25
Suppose 30*f + 49 = 31*f. What is the greatest common divisor of 7 and f?
7
Suppose 3*s - 466 = -2*z, -z + 1158 = 4*z + 4*s. What is the greatest common factor of 92 and z?
46
Suppose 0*w = 5*w - 25, -35 = -5*v + 2*w. Let u = -211 - -274. What is the highest common factor of u and v?
9
Let t(i) = 6*i - 29. Let g be t(45). Calculate the highest common divisor of g and 1.
1
Let w = 86 + -70. Calculate the greatest common divisor of 8 and w.
8
Suppose 3*o - 3*h - 73 = 2*o, -5 = h. Calculate the highest common factor of o and 87.
29
Let q = -169 - -174. Suppose h + q*i - 216 = -26, 2*i + 804 = 4*h. What is the greatest common divisor of 80 and h?
40
Let j be -3*(-11 - (-3 - -1)). Suppose 0 = -72*z + 71*z + 297. Calculate the greatest common factor of j and z.
27
Suppose 117 = 5*v - 478. Calculate the highest common factor of 51 and v.
17
Let g(x) = x**2 - 21*x - 32. Let n be g(25). Calculate the highest common divisor of n and 170.
34
Let q(x) = 8*x - 27. Let t = -26 + 32. Let y be q(t). Calculate the highest common divisor of y and 189.
21
Let v(p) = -2*p**2 + 27*p + 14. Let l(z) = z**2 - 13*z - 7. Let j(w) = -5*l(w) - 3*v(w). Let d be j(17). What is the highest common divisor of d and 30?
10
Suppose 0 = 37*a - 187 - 553. What is the highest common divisor of 140 and a?
20
Let v be 3 - 33/((-3)/3). Let b = v - -16. Calculate the highest common divisor of 130 and b.
26
Let w = 1686 + -1668. What is the greatest common divisor of w and 1719?
9
Suppose 2*w - 2*a - 277 = 131, -408 = -2*w - 2*a. What is the greatest common divisor of 12 and w?
12
Let s be 0/(0 + 2) + 6. Let o(k) = -499*k - 481. Let f be o(-1). What is the highest common divisor of f and s?
6
Let v(d) = 23*d + 709. Let h be v(-30). Calculate the greatest common divisor of h and 2299.
19
Suppose 3*k + 4*j - 2928 = -k, 2*j = -3*k + 2192. Calculate the highest common factor of k and 14.
14
Let b be -10*((-7)/(-2))/(-7). Suppose 0 = -4*a - 3*u + b*u + 38, 0 = -2*a - 5*u + 1. Suppose -a*x + 50 = -3*x. What is the greatest common divisor of 70 and x?
10
Let j be (10/(-8))/(5/(-80)). Suppose -v + 4*t - 14 = -0*t, 5*v = 2*t + j. Suppose -6 = -v*f + 102. Calculate the highest common divisor of f and 2.
2
Let a(f) = f**3 - 11*f**2 + 13*f + 19. Let t be 1*7 - (7 - 10). Let q be a(t). Calculate the greatest common divisor of 245 and q.
49
Let f = 1616 + -1611. Calculate the highest common factor of 1285 and f.
5
Suppose c = 54 - 18. Suppose -c = 3*q + q - 5*b, 4*b = 16. Let g(r) = -r**3 - 4*r**2 - r + 5. Let i be g(q). What is the highest common factor of i and 45?
9
Suppose -2*m - 3*n + 37 = 0, -6 = 3*n - 3. What is the greatest common factor of 25 and m?
5
Suppose -14*s - 181 = -i - 19*s, 0 = -i - s + 193. What is the highest common factor of 308 and i?
28
Let i(l) = -20*l + 96. Let w be i(4). What is the greatest common factor of 144 and w?
16
Let n = 1136 + -756. Let c be (-18)/4 - (-2)/4. Let t be (18/c)/((-15)/n). Calculate the highest common factor of t and 38.
38
Let z be (-34)/((-42)/90*(-4)/(-14)). What is the highest common divisor of 153 and z?
51
Suppose u - 12*h - 114 = -11*h, 0 = -2*u - h + 237. What is the highest common divisor of 78 and u?
39
Suppose 3*w = 4*l + 14, -3*w + 2*w - 5*l + 30 = 0. Let t = -38 + 88. What is the greatest common divisor of t and w?
10
Let p(z) = -2*z - 12. Let y be p(-6). Suppose -5*t + 120 + 70 = y. What is the highest common divisor of t and 2?
2
Suppose -5*l = -34 - 1. Let o(g) = 10*g + 3. Let j(p) = 9*p + 2. Let b(m) = l*j(m) - 6*o(m). Let t be b(7). Calculate the highest common divisor of 153 and t.
17
Suppose 14*b - 17*b + 3 = 0. Suppose 21 = 2*j + w, -5*j + 1 = -5*w - 14. Calculate the highest common factor of j and b.
1
Let f(c) = 2*c**2 + 5*c + 3. Let v be f(-4). Suppose -k + 65 = -5*s, 8*s - 3*s = -k + 55. What is the greatest common divisor of v and k?
15
Suppose 0 = -6*c + c + 1950. Suppose c = 2*m - y - 2*y, 2*m + y = 398. Calculate the highest common divisor of 22 and m.
22
Let c be 1 + 1*(1 - 2). Suppose 5*h + 15 = -c, 5*h + 15 = -5*k. Suppose 84 = 3*j - k*j. Calculate the greatest common divisor of 42 and j.
14
Suppose b - 553 = -548. What is the greatest common factor of b and 295?
5
Let l be 1/3 + 77/21. Suppose -2*p + 4 = 5*v - 8, -2*p + 30 = -l*v. What is the highest common divisor of 44 and p?
11
Suppose -10222 = -4*r - 2*l, 4*l = -10 + 14. Calculate the highest common factor of 35 and r.
35
Suppose 0*w = -4*j + 3*w - 8, 4*j - 5*w = 0. Let u be 13/((-5)/j)*3. Calculate the greatest common divisor of 26 and u.
13
Suppose 0*o = 71*o - 1349. Calculate the greatest common factor of o and 3.
1
Let o(w) = -29*w - 1. Let f be o(-2). Let n = 41 + f. What is the highest common factor of 14 and n?
14
Let z(y) = -y**2 - 5*y + 5. Let o be z(-6). Let p(x) = -2*x**3 + x**2. Let q be p(o). Suppose -q*j - 27 = -4*j. Calculate the highest common factor of j and 9.
9
Suppose -365*v + 510 = -348*v. What is the greatest common divisor of 140 and v?
10
Suppose -2*i - 52 = -2*u, u - 4*i - 62 = -u. Suppose -73 - 389 = -u*d. What is the highest common factor of d and 99?
11
Suppose -n + 2 + 10 = 0. What is the greatest common factor of 204 and n?
12
Let z be 3/1 + 3114/6. What is the greatest common factor of 18 and z?
18
Let k be ((-30)/(-7))/(21/196). Suppose -4*s = 24 - k. What is the highest common factor of s and 32?
4
Suppose 4*t = i, 0 = 4*t + 9 - 1. Let a(u) = -u**3 - 8*u**2 - 10*u + 10. Let c be a(i). Calculate the highest common factor of c and 20.
10
Suppose 17*q - 13*q + 16 = 0, t - 112 = -4*q. Calculate the highest common factor of t and 4.
4
Let j(x) = -40*x - 52. Let n be j(-34). Calculate the greatest common factor of 12 and n.
12
Let i(w) = 44*w + 35*w**2 - 84*w + 41*w. Let b be i(1). Calculate the highest common divisor of 90 and b.
18
Let h be 1776/(-16)*4/6*-2. Let c = h + -80. Calculate the greatest common divisor of 17 and c.
17
Suppose -15 = -3*z + 129. Let x(w) = 3*w + 3. Let t be x(3). Calculate the highest common factor of t and z.
12
Suppose 2*o - 4*t = 4*o - 14, 0 = -o + 4*t + 13. Suppose 0*f - 6*f = 216. Let w be (f/(-2))/((-2)/(-8)). Calculate the highest common divisor of w and o.
9
Let a = -13 + 21. Let h be 26/8 + 9/(-36). Suppose 317 = -0*s + 5*s + h*o, -2*o = -2*s + 130. What is the greatest common factor of a and s?
8
Let i(v) = 76*v**2 + 1. Let t be i(1). Let x = -17797 + 17808. Calculate the highest common factor of x and t.
11
Let j = -203 + 218. Calculate the greatest common divisor of 3 and j.
3
Let m be (-7 - -526 - -2) + -10. What is the greatest common factor of m and 73?
73
Let h(j) = j**3 + 15*j**2 + 6. Let x be h(-15). Let d be (-12)/x + (11 + 0 - -2). Calculate the highest common factor of d and 11.
11
Suppose 0 = 2*t - 85 - 35. Calculate the greatest common divisor of t and 2.
2
Let v be 2 - (3 + -7 - -4 - 202). What is the highest common divisor of 12 and v?
12
Suppose 8*u - 16 = 4*u. Suppose -3*i + 4 = -i. Suppose -m = -i*n - 8, m + 2*n - 3*n = 7. What is the greatest common divisor of u and m?
2
Suppose 5*a = -10, -3*o + 2*a + 3*a = -19. Suppose -o*l + 167 = 4*s, -s - l + 72 - 29 = 0. Calculate the highest common divisor of 171 and s.
19
Suppose -28*x + 396 = 5*x. Let u(f) = -13*f**3 - 2*f**2 - f - 2. Let l be u(-2). What is the highest common factor of l and x?
12
Let y be (-187)/(-2) + 6/36*-9. Calculate the highest common divisor of 46 and y.
46
Let h be 135/(-6)*(-2)/3. Let w be 12/9*((-5)/(-2) + -1). Let l be ((-40)/16)/(w/(-4)). Calculate the greatest common factor of h and l.
5
Let q(z) = -z**2 + 4*z + 1. Let u be q(2). Suppose u = -m + x + 2*x, 4*x + 4 = 4*m. Let b be 0/(0 - -3) + m. What is the greatest common factor of 8 and b?
4
Let p be 2/6*0 + (-108)/(-108). Calculate the greatest common divisor of p and 121.
1
Let r = -376 + 379. Suppose -k = -4*a + 26, k + 3*a + 8 = -k. Let x be (-10)/(-25) - 26/k. What is the highest common factor of r and x?
3
Let t be 84/16 - 1/4. Let q = t - 1. Suppose w = -q*